{"id":90,"date":"2025-12-09T18:08:59","date_gmt":"2025-12-09T17:08:59","guid":{"rendered":"http:\/\/kmbcatalyst.pl\/?page_id=90"},"modified":"2026-01-04T16:38:15","modified_gmt":"2026-01-04T15:38:15","slug":"kmb","status":"publish","type":"page","link":"https:\/\/kmbcatalyst.pl\/","title":{"rendered":"Home"},"content":{"rendered":"\t\t<div data-elementor-type=\"wp-page\" data-elementor-id=\"90\" class=\"elementor elementor-90\">\n\t\t\t\t<div class=\"elementor-element elementor-element-9fcb663 e-flex e-con-boxed e-con e-parent\" data-id=\"9fcb663\" data-element_type=\"container\">\n\t\t\t\t\t<div class=\"e-con-inner\">\n\t\t\t\t<div class=\"elementor-element elementor-element-5af8fe1 elementor-widget elementor-widget-heading\" data-id=\"5af8fe1\" data-element_type=\"widget\" data-widget_type=\"heading.default\">\n\t\t\t\t\t<h2 class=\"elementor-heading-title elementor-size-default\"><span style=\"font-weight:normal\" id=\"docs-internal-guid-f6e6671c-7fff-5394-3267-b3a8214145d2\"><span style=\"font-size: 30pt;, sans-serif;background-color: transparent;vertical-align: baseline\">Katalizatory spalania dla kot\u0142\u00f3w: py\u0142owych, rusztowych i fluidalnych.<\/span><\/span><\/h2>\t\t\t\t<\/div>\n\t\t\t\t\t<\/div>\n\t\t\t\t<\/div>\n\t\t<div class=\"elementor-element elementor-element-d4d6f93 e-flex e-con-boxed e-con e-parent\" data-id=\"d4d6f93\" data-element_type=\"container\">\n\t\t\t\t\t<div class=\"e-con-inner\">\n\t\t\t\t<div class=\"elementor-element elementor-element-2534328 elementor-widget elementor-widget-text-editor\" data-id=\"2534328\" data-element_type=\"widget\" data-widget_type=\"text-editor.default\">\n\t\t\t\t\t\t\t\t\t<h2><span style=\"font-size: x-large;\"><b>Informacje o projekcie<\/b><\/span><\/h2><h6><b>Numer wniosku:<br \/><\/b> <b>FENG.01.01-IP.02-0976\/24<\/b><\/h6><h6><b>Konkurs:<br \/><\/b>Fundusze Europejskie dla Nowoczesnej Gospodarki 2021\u20132027<br \/>Priorytet I \u2013 Wsparcie dla przedsi\u0119biorc\u00f3w<br \/>Dzia\u0142anie: <b>\u015acie\u017cka SMART<br \/><\/b>Nab\u00f3r: <b>FENG.01.01-IP.02-001\/24<br \/><\/b>Instytucja Po\u015brednicz\u0105ca: Polska Agencja Rozwoju Przedsi\u0119biorczo\u015bci (PARP)<\/h6>\t\t\t\t\t\t\t\t<\/div>\n\t\t\t\t\t<\/div>\n\t\t\t\t<\/div>\n\t\t<div class=\"elementor-element elementor-element-ef67e6d e-flex e-con-boxed e-con e-parent\" data-id=\"ef67e6d\" data-element_type=\"container\">\n\t\t\t\t\t<div class=\"e-con-inner\">\n\t\t\t\t<div class=\"elementor-element elementor-element-7995488 elementor-widget elementor-widget-text-editor\" data-id=\"7995488\" data-element_type=\"widget\" data-widget_type=\"text-editor.default\">\n\t\t\t\t\t\t\t\t\t<h3>Cele Projektu:\u00a0<\/h3>\t\t\t\t\t\t\t\t<\/div>\n\t\t\t\t\t<\/div>\n\t\t\t\t<\/div>\n\t\t<div class=\"elementor-element elementor-element-1af5eed e-flex e-con-boxed e-con e-parent\" data-id=\"1af5eed\" data-element_type=\"container\">\n\t\t\t\t\t<div class=\"e-con-inner\">\n\t\t\t\t<div class=\"elementor-element elementor-element-30ed5a6 elementor-widget elementor-widget-text-editor\" data-id=\"30ed5a6\" data-element_type=\"widget\" data-widget_type=\"text-editor.default\">\n\t\t\t\t\t\t\t\t\t<h6>G\u0142\u00f3wny cel:<\/h6><h6>Celem g\u0142\u00f3wnym projektu jest opracowanie innowacyjnych modyfikator\u00f3w spalania paliw sta\u0142ych, w szczeg\u00f3lno\u015bci paliw w\u0119glowych i biomasy, umo\u017cliwiaj\u0105cych popraw\u0119 efektywno\u015bci procesu spalania oraz redukcj\u0119 emisji zanieczyszcze\u0144, z wykorzystaniem prac badawczo-rozwojowych prowadzonych w warunkach laboratoryjnych i stanowiskowych.<\/h6>\t\t\t\t\t\t\t\t<\/div>\n\t\t\t\t\t<\/div>\n\t\t\t\t<\/div>\n\t\t<div class=\"elementor-element elementor-element-a36275c e-flex e-con-boxed e-con e-parent\" data-id=\"a36275c\" data-element_type=\"container\">\n\t\t\t\t\t<div class=\"e-con-inner\">\n\t\t\t\t<div class=\"elementor-element elementor-element-634fb36 elementor-widget elementor-widget-text-editor\" data-id=\"634fb36\" data-element_type=\"widget\" data-widget_type=\"text-editor.default\">\n\t\t\t\t\t\t\t\t\t<h6>Cele szczeg\u00f3\u0142owe:<\/h6><ol><li><h6>Opracowanie sk\u0142adu i postaci p\u0142ynnych modyfikator\u00f3w spalania o wysokiej stabilno\u015bci i skuteczno\u015bci dzia\u0142ania.<\/h6><\/li><li><h6>Okre\u015blenie wp\u0142ywu modyfikator\u00f3w na parametry procesu spalania, w tym temperatur\u0119 zap\u0142onu, kinetyk\u0119 spalania i stabilno\u015b\u0107 p\u0142omienia.<\/h6><\/li><li><h6>Zbadanie efekt\u00f3w synergii hiperaddycyjnej pomi\u0119dzy sk\u0142adnikami modyfikator\u00f3w.<\/h6><\/li><li><h6>Opracowanie i walidacja metod dozowania modyfikator\u00f3w dostosowanych do r\u00f3\u017cnych typ\u00f3w paliw i kot\u0142\u00f3w.<\/h6><\/li><li><h6>Redukcja emisji CO\u2082, NOx i SO\u2082 w procesie spalania w warunkach laboratoryjnych.<\/h6><\/li><li><h6>Przygotowanie rozwi\u0105za\u0144 technologicznych do dalszych test\u00f3w stanowiskowych i wdro\u017ceniowych.<\/h6><\/li><\/ol>\t\t\t\t\t\t\t\t<\/div>\n\t\t<div class=\"elementor-element elementor-element-c616ac4 e-con-full e-flex e-con e-child\" data-id=\"c616ac4\" data-element_type=\"container\">\n\t\t\t\t<div class=\"elementor-element elementor-element-2492709 elementor-widget elementor-widget-text-editor\" data-id=\"2492709\" data-element_type=\"widget\" data-widget_type=\"text-editor.default\">\n\t\t\t\t\t\t\t\t\t<p><span style=\"color: #000000;\"><span style=\"font-size: medium;\"><b>Planowane rezultaty:<\/b><\/span><\/span><\/p><ul><li><h6>Opracowanie zweryfikowanych laboratoryjnie receptur modyfikator\u00f3w spalania.<\/h6><\/li><li><h6>Uzyskanie potwierdzenia skuteczno\u015bci modyfikator\u00f3w w zakresie poprawy sprawno\u015bci energetycznej i redukcji emisji.<\/h6><\/li><li><h6>Opracowanie metodyki bada\u0144 oraz modeli dozowania modyfikator\u00f3w.<\/h6><\/li><li><h6>Przygotowanie dokumentacji technicznej i badawczej umo\u017cliwiaj\u0105cej przej\u015bcie do kolejnego etapu test\u00f3w (E2).<\/h6><\/li><li><h6>Wytworzenie nowej wiedzy technologicznej w obszarze technologii spalania, mo\u017cliwej do upowszechnienia w formie publikacji naukowych.<\/h6><\/li><\/ul>\t\t\t\t\t\t\t\t<\/div>\n\t\t\t\t<\/div>\n\t\t\t\t\t<\/div>\n\t\t\t\t<\/div>\n\t\t<div class=\"elementor-element elementor-element-3658a10 e-flex e-con-boxed e-con e-parent\" data-id=\"3658a10\" data-element_type=\"container\">\n\t\t\t\t\t<div class=\"e-con-inner\">\n\t\t\t\t<div class=\"elementor-element elementor-element-e974d75 elementor-widget elementor-widget-text-editor\" data-id=\"e974d75\" data-element_type=\"widget\" data-widget_type=\"text-editor.default\">\n\t\t\t\t\t\t\t\t\t<h3>Zesp\u00f3\u0142 KMB:<\/h3><p>dr in\u017c. Zdzis\u0142aw Bielecki<\/p><p>dr hab. in\u017c. Dariusz Choi\u0144ski<\/p><p>dr in\u017c. Roman Koteras<\/p>\t\t\t\t\t\t\t\t<\/div>\n\t\t\t\t\t<\/div>\n\t\t\t\t<\/div>\n\t\t\t\t<\/div>\n\t\t","protected":false},"excerpt":{"rendered":"<p>Katalizatory spalania dla kot\u0142\u00f3w: py\u0142owych, rusztowych i fluidalnych. Informacje o projekcie Numer wniosku: FENG.01.01-IP.02-0976\/24 Konkurs:Fundusze Europejskie dla Nowoczesnej Gospodarki 2021\u20132027Priorytet [&hellip;]<\/p>\n","protected":false},"author":1,"featured_media":0,"parent":0,"menu_order":0,"comment_status":"closed","ping_status":"closed","template":"","meta":{"site-sidebar-layout":"no-sidebar","site-content-layout":"","ast-site-content-layout":"full-width-container","site-content-style":"default","site-sidebar-style":"default","ast-global-header-display":"","ast-banner-title-visibility":"","ast-main-header-display":"","ast-hfb-above-header-display":"","ast-hfb-below-header-display":"","ast-hfb-mobile-header-display":"","site-post-title":"disabled","ast-breadcrumbs-content":"","ast-featured-img":"disabled","footer-sml-layout":"","ast-disable-related-posts":"","theme-transparent-header-meta":"","adv-header-id-meta":"","stick-header-meta":"","header-above-stick-meta":"","header-main-stick-meta":"","header-below-stick-meta":"","astra-migrate-meta-layouts":"default","ast-page-background-enabled":"default","ast-page-background-meta":{"desktop":{"background-color":"var(--ast-global-color-5)","background-image":"","background-repeat":"repeat","background-position":"center center","background-size":"auto","background-attachment":"scroll","background-type":"","background-media":"","overlay-type":"","overlay-color":"","overlay-opacity":"","overlay-gradient":""},"tablet":{"background-color":"","background-image":"","background-repeat":"repeat","background-position":"center center","background-size":"auto","background-attachment":"scroll","background-type":"","background-media":"","overlay-type":"","overlay-color":"","overlay-opacity":"","overlay-gradient":""},"mobile":{"background-color":"","background-image":"","background-repeat":"repeat","background-position":"center center","background-size":"auto","background-attachment":"scroll","background-type":"","background-media":"","overlay-type":"","overlay-color":"","overlay-opacity":"","overlay-gradient":""}},"ast-content-background-meta":{"desktop":{"background-color":"var(--ast-global-color-4)","background-image":"","background-repeat":"repeat","background-position":"center center","background-size":"auto","background-attachment":"scroll","background-type":"","background-media":"","overlay-type":"","overlay-color":"","overlay-opacity":"","overlay-gradient":""},"tablet":{"background-color":"var(--ast-global-color-4)","background-image":"","background-repeat":"repeat","background-position":"center center","background-size":"auto","background-attachment":"scroll","background-type":"","background-media":"","overlay-type":"","overlay-color":"","overlay-opacity":"","overlay-gradient":""},"mobile":{"background-color":"var(--ast-global-color-4)","background-image":"","background-repeat":"repeat","background-position":"center center","background-size":"auto","background-attachment":"scroll","background-type":"","background-media":"","overlay-type":"","overlay-color":"","overlay-opacity":"","overlay-gradient":""}},"footnotes":""},"class_list":["post-90","page","type-page","status-publish","hentry"],"_links":{"self":[{"href":"https:\/\/kmbcatalyst.pl\/index.php\/wp-json\/wp\/v2\/pages\/90","targetHints":{"allow":["GET"]}}],"collection":[{"href":"https:\/\/kmbcatalyst.pl\/index.php\/wp-json\/wp\/v2\/pages"}],"about":[{"href":"https:\/\/kmbcatalyst.pl\/index.php\/wp-json\/wp\/v2\/types\/page"}],"author":[{"embeddable":true,"href":"https:\/\/kmbcatalyst.pl\/index.php\/wp-json\/wp\/v2\/users\/1"}],"replies":[{"embeddable":true,"href":"https:\/\/kmbcatalyst.pl\/index.php\/wp-json\/wp\/v2\/comments?post=90"}],"version-history":[{"count":40,"href":"https:\/\/kmbcatalyst.pl\/index.php\/wp-json\/wp\/v2\/pages\/90\/revisions"}],"predecessor-version":[{"id":192,"href":"https:\/\/kmbcatalyst.pl\/index.php\/wp-json\/wp\/v2\/pages\/90\/revisions\/192"}],"wp:attachment":[{"href":"https:\/\/kmbcatalyst.pl\/index.php\/wp-json\/wp\/v2\/media?parent=90"}],"curies":[{"name":"wp","href":"https:\/\/api.w.org\/{rel}","templated":true}]}}